{"id":24,"date":"2021-06-04T20:48:06","date_gmt":"2021-06-04T18:48:06","guid":{"rendered":"http:\/\/mierbaacher.lu\/?page_id=24"},"modified":"2024-08-07T23:54:51","modified_gmt":"2024-08-07T21:54:51","slug":"mierbaacher","status":"publish","type":"page","link":"https:\/\/mierbaacher.lu\/mierbaacher\/","title":{"rendered":"Infos &#038; Kontakt"},"content":{"rendered":"\n<p class=\"has-text-align-center\" style=\"font-size:24px\"><strong>Kontakt<\/strong><\/p>\n\n\n\n<p class=\"has-text-align-center has-medium-font-size\"><strong>GSM : +352 621 364 816<br>Email : raykimmi@pt.lu<\/strong><\/p>\n\n\n\n<p style=\"font-size:20px\"><strong>Wien si mir?<\/strong><\/p>\n\n\n\n<p class=\"has-regular-font-size\">De <strong>Jean-Paul Herman<\/strong> an de <strong>Raymond Kimmes<\/strong>, zwee Sch\u00fcler aus der KMS (K\u00e4erjenger Musekschoul) wou mer eis kenne gel\u00e9iert hunn. Alleb\u00e9id maache mer Chant classique beim <strong>Taisia Tordai<\/strong>, Chant moderne beim <strong>Hannah Noack<\/strong> a mir sangen beim <strong>Susy Thom\u00e9-Schneider<\/strong> am Chouer <em>Singing Mommies &amp; Daddies<\/em>. De Jean-Paul l\u00e9iert Guitar beim Greg Lamy a spillt Guitar an der Rock Combo vun der KMS ; de Raymond l\u00e9iert Piano beim Salom\u00e9 Sanchez. <\/p>\n\n\n\n<p class=\"has-regular-font-size\">2018 hu mir decid\u00e9iert ee Gesangsduo ze gr\u00ebnden, d&rsquo;<strong>Mierbaacher<\/strong>,  an <strong>\u00ab\u00a0Al Schanken\u00a0\u00bb<\/strong> ze sangen, d.h. Lidder aus den 30er, 40er, 50er, 60er, 70er, 80er an 90er Joren, dat mat enger Orchesterbegleedung w\u00e9i d&rsquo;Leit se deemols kannt hunn aus dem Radio, vun der Televisioun oder vun de grousse Show-B\u00fchnen. <\/p>\n\n\n\n<p style=\"font-size:20px\"><strong>Wat ass eist Ziel?<\/strong><\/p>\n\n\n\n<p class=\"has-regular-font-size\">De Leit e puer flott Stonnen ze offr\u00e9ieren, al Er\u00ebnnerungen bei de Leit waakreg ze maachen, de jonke Leit di sch\u00e9i Lidder vu g\u00ebschter a virg\u00ebschter ze present\u00e9ieren, de Leit fir e puer Stonnen d&rsquo;Sonn an d&rsquo;H\u00e4erz ze br\u00e9ngen. <\/p>\n\n\n\n<p class=\"has-regular-font-size\">D&rsquo;Leit d\u00e4erfe matsangen, matsummen, dreemen, danzen, jee einfach d\u00ebs onvergiesslech sch\u00e9i Lidder a vollen Zich gen\u00e9issen esou w\u00e9i se grad Loscht hunn. An dat hunn se bis elo och \u00ebmmer spontan gemaach bei eisen Optr\u00ebtter.<\/p>\n\n\n\n<p style=\"font-size:20px\"><strong>Wat kascht et?<\/strong><\/p>\n\n\n\n<ul>\n<li>1 Stonn : 200\u20ac<\/li>\n\n\n\n<li>1,5 Stonnen : 250\u20ac<\/li>\n\n\n\n<li>2 Stonnen : 300\u20ac<\/li>\n\n\n\n<li>2,5 Stonnen: 350<\/li>\n\n\n\n<li>3 Stonnen : 400\u20ac<\/li>\n\n\n\n<li>3,5 Stonnen: 450<\/li>\n\n\n\n<li>4 Stonnen : 500\u20ac<\/li>\n\n\n\n<li>Sonndes &amp; Feierdeeg komme nach 1 x 100\u20ac pro Optr\u00ebtt derb\u00e4i<\/li>\n\n\n\n<li>Fir d&rsquo;Lightshow froe mer een zous\u00e4tzleche Forfait vun 100\u20ac pro Optr\u00ebtt<br><\/li>\n<\/ul>\n\n\n\n<p style=\"font-size:20px\"><strong>Eis Programmen<\/strong><\/p>\n\n\n\n<p class=\"has-regular-font-size\">Momentan hu mer <strong>ee R\u00e9pertoire vun 217 Lidder<\/strong> (DE 129 \/ EN 46 \/ FR 26 \/ LU 70 \/ IT 7 &#8211; dovun 29 Lidder fir Chr\u00ebschtdag a 7 fir Niklosdag). All Joer kommen \u00ebmmer nees nei Lidder a nei Programmen derb\u00e4i. Et kann ee sech och aus eisem Repertoire och s\u00e4i Programm selwer zesumme stellen. Eis Optr\u00ebtter daueren 1 \/ 1,5 \/ 2 \/ 2,5 \/ 3 \/ 3,5 oder 4 Stonnen, jee no Wonsch, ob mat oder ouni Paus loosse mir den Organisateur entscheeden.<\/p>\n\n\n\n<p>Zu eisen aktuelle Programmen (\u00ab\u00a0Eis Weltrees\u00a0\u00bb \/ \u00ab\u00a0D&rsquo;L\u00e9ift\u00a0\u00bb \/ \u00ab\u00a0Back In Time\u00a0\u00bb \/ \u00ab\u00a0Wat Saachen\u00a0\u00bb \/ \u00ab\u00a0Kr\u00ebschtdag Feelings\u00a0\u00bb \/ \u00ab\u00a0L\u00ebtzebuerger Lidder\u00a0\u00bb) komme geschw\u00ebnn derb\u00e4i : <br>\u00ab\u00a0Sch\u00e9in al Schanken!\u00a0\u00bb (Januar 2024) <br>\u00ab\u00a0Fuesend mat de Mierbaacher\u00a0\u00bb (Februar 2024)<br>\u00ab\u00a0Special Mammendag\u00a0\u00bb (Juni 2024)<br>\u00ab\u00a0Special Pappendag\u00a0\u00bb (Oktober 2024)<br>\u00ab\u00a0Douce France\u00a0\u00bb (Januar 2025)<br>\u00ab\u00a0Musicals, Movies &amp; More\u00a0\u00bb (Projet 2)<br>\u00ab\u00a0We shall Never Forget\u00a0\u00bb (Projet 3)<br>&#8230;<\/p>\n\n\n\n<p style=\"font-size:20px\"><strong>Wou si mer opgetrueden?<\/strong><\/p>\n\n\n\n<p>Seniorie St Joseph P\u00e9iteng<br>Servior &#8211; CIPA Centre du Rham<br>Journ\u00e9e du Grand \u00c2ge am Centre de Loisirs zu Lamadelaine<br>Um Sp\u00e4icher vum WAX zu P\u00e9iteng (WAX Konschtmillen)<br>Home pour Personnes \u00c2g\u00e9es zu Mamer <br>Am Jousefshaus zu Remich<br>Centre A Bosselesch zu Monnerech<br>Home Pour Personnes \u00c2g\u00e9es zu Miersch<br>Amiperas Dippach<br>Home Pour Personnes \u00c2g\u00e9es Clervaux<br>Home Pour Personnes \u00c2g\u00e9es R\u00e9dange<br>Servior Belle-Vue Echternach<br>Fondation Pescatore Luxembourg<br>Home Pour Personnes \u00c2g\u00e9es Sacr\u00e9-Coeur Luxembourg<br>Servior Bei der Sauer Diekirch<br>Servior Beim Klouschter Howald<br>Waassertrap Belvaux<br>Seniorie Ste Zithe Contern<\/p>\n\n\n\n<p class=\"has-regular-font-size\">W\u00e9inst dem COVID-19 konnte mer leider zwee Joer net optrieden. S\u00e4it 2022 stinn mer nees op de B\u00fchnen.  Et ass net sch\u00e9in ee Liewen ouni Fester, Musek a Gesank! <\/p>\n\n\n\n<p style=\"font-size:20px\"><strong>W\u00e9i ee Material benotze mir?<\/strong><\/p>\n\n\n\n<p class=\"has-regular-font-size\">BOSE L1 Model II\/B2  (falls n\u00e9ideg verst\u00e4rkt mat engem BOSE L1 Compact)<br>BOSE T1 Tone Match Audio Engine<br>SHURE SM58-LCE Micro<br>Platinum CLS-1 LightmaXX <br>1 x IPad Pro (fir d&rsquo;Musek)<br>1x IPad Pro (fir d&rsquo;Texter)<br>GoodPlayer &#8211; Good Media Player<\/p>\n\n\n\n<p class=\"has-regular-font-size\">D&rsquo;Musek kaafe mer ganz legal am Internet (Karaoke Version, Playbackfinder, Apple Store, Jang Linster, asw. &#8230;), oder m\u00e4r kaafen se op enger CD, oder m\u00e4r loossen se zu L\u00ebtzebuerg an engem Studio maachen (vum Heng Kleren, Marc Desorbay, Claude Zeimes, &#8230;)<\/p>\n\n\n\n<p class=\"has-regular-font-size\">Mir brauche just 1 elektresch Prise an e puer Quadratmeter Plaatz, soss n\u00e4ischt. <br>Mat eiser Anlag k\u00ebnne mir ee Sall vu 50 bis 500 Leit probleemlos beschallen. <\/p>\n\n\n\n<p><\/p>\n\n\n\n<p><\/p>\n","protected":false},"excerpt":{"rendered":"<p>Kontakt GSM : +352 621 364 816Email : raykimmi@pt.lu Wien si mir? De Jean-Paul Herman an de Raymond Kimmes, zwee Sch\u00fcler aus der KMS (K\u00e4erjenger Musekschoul) wou mer eis kenne gel\u00e9iert hunn. Alleb\u00e9id maache mer Chant classique beim Taisia Tordai, Chant moderne beim Hannah Noack a mir sangen beim Susy Thom\u00e9-Schneider am Chouer Singing Mommies &hellip; <\/p>\n<p class=\"link-more\"><a href=\"https:\/\/mierbaacher.lu\/mierbaacher\/\" class=\"more-link\">Continuer la lecture<span class=\"screen-reader-text\"> de &laquo;&nbsp;Infos &#038; Kontakt&nbsp;&raquo;<\/span><\/a><\/p>\n","protected":false},"author":1,"featured_media":0,"parent":0,"menu_order":1,"comment_status":"closed","ping_status":"closed","template":"","meta":{"footnotes":""},"aioseo_notices":[],"_links":{"self":[{"href":"https:\/\/mierbaacher.lu\/wp-json\/wp\/v2\/pages\/24"}],"collection":[{"href":"https:\/\/mierbaacher.lu\/wp-json\/wp\/v2\/pages"}],"about":[{"href":"https:\/\/mierbaacher.lu\/wp-json\/wp\/v2\/types\/page"}],"author":[{"embeddable":true,"href":"https:\/\/mierbaacher.lu\/wp-json\/wp\/v2\/users\/1"}],"replies":[{"embeddable":true,"href":"https:\/\/mierbaacher.lu\/wp-json\/wp\/v2\/comments?post=24"}],"version-history":[{"count":62,"href":"https:\/\/mierbaacher.lu\/wp-json\/wp\/v2\/pages\/24\/revisions"}],"predecessor-version":[{"id":649,"href":"https:\/\/mierbaacher.lu\/wp-json\/wp\/v2\/pages\/24\/revisions\/649"}],"wp:attachment":[{"href":"https:\/\/mierbaacher.lu\/wp-json\/wp\/v2\/media?parent=24"}],"curies":[{"name":"wp","href":"https:\/\/api.w.org\/{rel}","templated":true}]}}